**2 - 6*f + 5. What is x(6)?
5
Let r(d) = d**2 - 2. What is r(-3)?
7
Let t(j) = -j**2 + 4*j + 7. Determine t(-2).
-5
Let u(p) = -7*p - 67. What is u(-14)?
31
Let o(r) = 28*r. Calculate o(-1).
-28
Let x(c) = -c**2 + 5*c - 16. Calculate x(7).
-30
Let r(i) = 10*i - 346. What is r(34)?
-6
Let s(g) = g**3 + 5*g**2 + 4*g - 13. Determine s(-4).
-13
Let h(q) = 19*q**2 - 2*q + 8. What is h(2)?
80
Let j(w) = w**2 + 8*w + 6. Calculate j(-9).
15
Let s(a) = a**2 + 3*a + 6. Calculate s(5).
46
Let o(c) = c**3 - 6*c**2 - c + 7. Calculate o(6).
1
Let p(v) = -v**3 - 9*v**2 + 8*v - 5. What is p(-10)?
15
Let z(p) = -p**2 - 12*p + 5. Calculate z(-13).
-8
Let d(r) = -4*r - 1. Calculate d(5).
-21
Let r(u) = 3*u - 6. Calculate r(0).
-6
Let v(x) = -x**2 - 14*x + 38. What is v(-16)?
6
Let n(t) = -2*t**2 + 134*t - 130. Give n(66).
2
Let b(y) = -11*y + 2. What is b(-2)?
24
Let j(i) = -i - 33. What is j(28)?
-61
Let i(a) = 2*a**3 - a**2 + 5*a - 7. Determine i(2).
15
Let x(z) = z**2 + 11*z + 13. Give x(-6).
-17
Let v(t) = -43*t + 78. Give v(5).
-137
Let w(i) = -i**2 - i - 5. What is w(6)?
-47
Let s(o) = o + 27. Determine s(-6).
21
Let k(y) = -7*y - 16. What is k(-2)?
-2
Let z(a) = 4*a + 8. Determine z(-7).
-20
Let j(x) = 14*x - 29. What is j(4)?
27
Let k(j) = -j**2 + 11*j - 1. What is k(8)?
23
Let f(d) = 14*d - 23. What is f(2)?
5
Let k(t) = -t**2 + 13*t + 9. Determine k(11).
31
Let j(b) = -b**3 + 6*b**2 - b + 8. Give j(7).
-48
Let j(r) = -2*r + 6. Calculate j(8).
-10
Let q(a) = -a + 11. What is q(6)?
5
Let a(j) = 2*j**2 + 9. Calculate a(-5).
59
Let g(v) = v**3 - 6*v**2 + v - 4. Give g(5).
-24
Let h(p) = -p + 58. Calculate h(0).
58
Let w(j) = -j**3 - 9*j**2 - 9*j - 7. Give w(-8).
1
Let h(g) = -29*g + 31. Determine h(3).
-56
Let p(f) = -f + 1. Give p(1).
0
Let g(l) = -4*l - 6. Calculate g(4).
-22
Let g(w) = -6*w**2 - 5*w - 1. Calculate g(0).
-1
Let n(g) = g**2 + g + 2. Determine n(2).
8
Let h(g) = g**2 + 7*g. Determine h(-7).
0
Let z(x) = x**3 - x**2 + 8*x + 2. Calculate z(3).
44
Let u(d) = d**3 - 5*d**2 - 3*d. Give u(3).
-27
Let q(a) = -10*a**2 + 75*a - 74. Calculate q(1).
-9
Let q(m) = 11*m**2 + m - 1. Give q(1).
11
Let h(i) = -i**2 - 3*i - 6. Calculate h(-4).
-10
Let v(g) = -g**2 + 11*g - 5. What is v(9)?
13
Let v(c) = 4*c + 62. Determine v(-8).
30
Let f(n) = -2*n**3 + 4*n**2 - 6*n + 10. Determine f(4).
-78
Let s(i) = -i**2 - 61*i - 171. What is s(-58)?
3
Let m(s) = -26*s**3 - 2*s**2 - 2*s - 1. Give m(-1).
25
Let w(y) = y**2 + 18*y + 36. Determine w(-16).
4
Let b(m) = -2*m**2 - 14*m - 17. Determine b(-6).
-5
Let t(u) = -u**3 + 5*u**2 - 4*u. What is t(4)?
0
Let b(x) = -2*x**2 - 20*x + 24. Calculate b(-10).
24
Let j(b) = -b**3 - 3*b**2 + 5*b + 2. Give j(-3).
-13
Let k(q) = -12*q - 76. Give k(-6).
-4
Let y(b) = b**2 + 15*b + 13. Determine y(-15).
13
Let c(g) = -g**2 + 48*g - 246. Determine c(42).
6
Let i(k) = -3*k**2 + 29*k + 100. Give i(-3).
-14
Let s(t) = 2*t**2 + 6*t + 15. Calculate s(-3).
15
Let a(s) = -s**3 - 8*s**2 - 8*s - 6. Give a(-6).
-30
Let l(t) = -2*t + 2. What is l(-13)?
28
Let z(m) = -8*m - 47. Calculate z(-5).
-7
Let g(d) = -3*d + 25. Calculate g(13).
-14
Let f(q) = -6*q - 25. Give f(-16).
71
Let v(l) = -6*l**2 - 24*l - 10. Calculate v(-3).
8
Let z(r) = 2*r**2 - 12*r - 12. Calculate z(6).
-12
Let i(n) = -n**2 - 13*n + 72. Give i(5).
-18
Let b(k) = k**2 + 19*k + 12. Determine b(-8).
-76
Let b(d) = 17*d**2 - 3*d + 2. What is b(2)?
64
Let w(a) = a**3 - 10*a**2 + 17*a + 8. Give w(8).
16
Let l(n) = -n**2 + n - 2. Calculate l(3).
-8
Let a(w) = -2*w**2 + 59*w + 70. Give a(31).
-23
Let u(b) = b**3 + 7*b**2 + 5*b - 3. Determine u(-5).
22
Let y(d) = -d**2 + 9*d - 3. Determine y(10).
-13
Let v(a) = 14*a - 7. Determine v(5).
63
Let z(f) = 6*f - 9. What is z(3)?
9
Let k(y) = -11*y**2 - 3*y - 5. What is k(-2)?
-43
Let j(g) = g**3 + 5*g**2 + 7*g + 3. What is j(-4)?
-9
Let b(g) = g**3 - g**2 - 6*g + 5. What is b(3)?
5
Let z(y) = -y**3 - 7*y**2 - 7*y - 3. What is z(-6)?
3
Let g(w) = -3*w**2 + 2. What is g(-2)?
-10
Let t(x) = -x**3 - 13*x**2 + 48*x + 5. What is t(-16)?
5
Let q(m) = -4*m**2 + 4*m + 5. What is q(-1)?
-3
Let o(d) = d**3 + 45*d**2 - 43*d + 152. Determine o(-46).
14
Let u(g) = -9*g**3 - 48*g**2 - 5*g. What is u(-5)?
-50
Let s(z) = -2*z**3 + 6*z**2 - 10*z + 5. Calculate s(3).
-25
Let o(d) = -4*d + 17. What is o(8)?
-15
Let x(y) = 3*y - 31. What is x(12)?
5
Let w(r) = -8*r + 23. Determine w(4).
-9
Let g(z) = z**3 + 4*z**2 - 10*z - 9. Calculate g(-6).
-21
Let v(b) = -b**3 - 5*b**2 - 5*b - 14. What is v(-5)?
11
Let b(x) = -2*x**3 + x**2 - 3*x + 1. Determine b(2).
-17
Let s(h) = -h**2 - 10*h + 1. Give s(-10).
1
Let v(c) = c**3 + 23*c**2 - 24*c - 12. Give v(-24).
-12
Let m(h) = -9*h - 11. Calculate m(-7).
52
Let b(j) = -4*j - 23. What is b(-10)?
17
Let k(r) = -r**3 + 39. Give k(0).
39
Let n(a) = -a - 32. Calculate n(13).
-45
Let l(s) = 28*s**3 - s**2. What is l(-1)?
-29
Let q(y) = -59*y + 181. Determine q(3).
4
Let d(l) = -4*l - 8. Determine d(2).
-16
Let q(o) = -o**3 - 15*o**2 - 14*o + 13. Give q(-14).
13
Let s(w) = -8*w**2 + 6*w - 2. Give s(4).
-106
Let y(r) = 11*r**2 + 3*r + 2. Determine y(-1).
10
Let b(l) = 34*l + 2. What is b(-2)?
-66
Let h(g) = 87*g + 2. Calculate h(1).
89
Let q(b) = b**2 + b + 53. Determine q(0).
53
Let k(i) = i**3 + 9*i**2 - 7*i + 16. Calculate k(-10).
-14
Let d(r) = -2*r**3 - 9*r**2 + 8*r + 7. What is d(-5)?
-8
Let u(a) = a + 7. Determine u(-12).
-5
Let h(u) = 5*u + 31. Determine h(-6).
1
Let y(x) = x**2 + 2*x + 13. Calculate y(0).
13
Let j(p) = -p**2 - 23*p - 22. Determine j(-22).
0
Let i(g) = -g - 7. Determine i(12).
-19
Let s(n) = -15*n + 2. Calculate s(-1).
17
Let b(k) = -2*k - 21. Give b(0).
-21
Let h(j) = -5*j + 6. Give h(2).
-4
Let r(s) = 18*s - 27. Calculate r(4).
45
Let g(n) = n**3 + 4*n**2 - n + 2. What is g(-4)?
6
Let i(o) = -o**2 - 19*o - 55. What is i(-16)?
-7
Let u(d) = d**3 + 8*d**2 + 10*d. What is u(-7)?
-21
Let o(l) = -l - 4. Calculate o(11).
-15
Let l(v) = -3*v**2 - v + 2. Calculate l(-3).
-22
Let p(q) = q**3 + q**2 - 10*q - 6. Calculate p(-4).
-14
Let b(k) = 7*k - 51. Calculate b(14).
47
Let q(o) = -o**3 - 13*o**2 + 14*o + 35. Calculate q(-14).
35
Let c(y) = y**3 - 35*y**2 - 37*y + 15. Calculate c(36).
-21
Let d(r) = r**3 + 29*r**2 - 63*r - 5. Give d(-31).
26
Let b(z) = 15*z**2 - z - 1. Determine b(-2).
61
Let n(p) = -2*p - 64. Determine n(15).
-94
Let d(i) = -4*i**2 - i + 8. Determine d(-3).
-25
Let z(r) = -7*r + 13. Calculate z(4).
-15
Let d(u) = -u**3 + 21*u**2 - 5*u + 104. Give d(21).
-1
Let u(m) = m**2 + 8*m + 13. What is u(-4)?
-3
Let g(b) = -b**2 - 11*b + 108. What is g(-17)?
6
Let l(n) = -n**3 + n - 2. What is l(0)?
-2
Let t(h) = 23*h**2 - h + 1. What is t(-1)?
25
Let g(n) = -30*n + 1116. Determine g(37).
6
Let g(u) = -4*u**3 - 2*u - 2. Give g(-1).
4
Let n(z) = 24*z + 154. Calculate n(-6).
10
Let z(t) = -t**3 + 24*t**2 - 16*t - 49. Determine z(23).
112
Let m(k) = 3*k**3 + 82*k**2 - 55*k + 18. Give m(-28).
-10
Let i(h) = 17*h + 17. Give i(-5).
-68
Let a(z) = z**3 - 23*z**2 + 17*z + 54. Determine a(22).
-56
Let n(m) = -9*m**2 - 3*m + 3. Calculate n(2).
-39
Let i(o) = -o**3 - 8*o**2 - 8*o + 2. Determine i(-6).
-22
Let f(i) = -i**3 - 3*i**2 - i - 9. Calculate f(-5).
46
Let f(b) = 23*b + 33. Determine f(0).
33
Let o(y) = -y**3 - 16*y**2 + 20*y + 42. Give o(-17).
-9
Let u(w) = 3*w**2 - 5*w + 6. Calculate u(1).
4
Let p(t) = t**3 - t**2 - 3*t. What is p(3)?
9
Let h(w) = w**2 + w - 20. Calculate h(-6).
10
Let j(q) = q + 5. Determine j(-8).
-3
Let u(p) = p**3 - 17*p**2 - 17*p - 8. Determine u(18).
10
Let q(l) = -9*l - 463. Determine q(-52).
5
Let w(c) = -3*c**2 - 13*c - 3. Give w(-3).
9
Let z(f) = -2*f**2 + 27*f - 1. Give z(13).
12
Let a(f) = -f**2 - 5*f - 2. Determine a(-4).
2
Let a(h) = -16*h - 70. Calculate a(-5).
10
Let b(d) = d**2 + 2*d - 13. Give b(-5).
2
Let o(k) = 7*k + 320. What is o(-45)?
5
Let n(c) = -c**2 + 5*c - 3. Calculate n(2).
3
Let o(t) = -2*t**2 - 27*t - 23. Give o(-13).
-10
Let q(b) = -b**3 + 17*b**2 + 17*b + 25. Give q(18).
7
Let k(j) = 2*j**3 + j**2 - 58*j + 58. What is k(1)?
3
Let q(r) = 2*r**2 + 17*r + 5. Calculate q(-6).
-25
Let f(v) = -2*v**2 - 2. What is f(2)?
-10
Let v(d) = 5*d - 8. Determine v(6).
22
Let a(f) = -f**2 + 9*f + 3. Give a(8).
11
Let h(r) = -6*r - 10. Determine h(-7).
32
Let m(r) = -